{"id":12,"date":"2014-06-10T16:44:51","date_gmt":"2014-06-10T14:44:51","guid":{"rendered":"http:\/\/medientheologe.de\/?page_id=12"},"modified":"2025-02-15T19:08:04","modified_gmt":"2025-02-15T17:08:04","slug":"lebenslauf","status":"publish","type":"page","link":"https:\/\/medientheologe.de\/cms\/?page_id=12","title":{"rendered":"Wissenschaft"},"content":{"rendered":"\n<figure class=\"wp-block-image size-large\"><a href=\"https:\/\/medientheologe.de\/cms\/wp-content\/uploads\/2023\/06\/Medientheologe-Streifen-1-scaled.jpg\"><img loading=\"lazy\" decoding=\"async\" width=\"1024\" height=\"307\" src=\"https:\/\/medientheologe.de\/cms\/wp-content\/uploads\/2023\/06\/Medientheologe-Streifen-1-1024x307.jpg\" alt=\"\" class=\"wp-image-1275\" srcset=\"https:\/\/medientheologe.de\/cms\/wp-content\/uploads\/2023\/06\/Medientheologe-Streifen-1-1024x307.jpg 1024w, https:\/\/medientheologe.de\/cms\/wp-content\/uploads\/2023\/06\/Medientheologe-Streifen-1-300x90.jpg 300w, https:\/\/medientheologe.de\/cms\/wp-content\/uploads\/2023\/06\/Medientheologe-Streifen-1-768x230.jpg 768w, https:\/\/medientheologe.de\/cms\/wp-content\/uploads\/2023\/06\/Medientheologe-Streifen-1-1536x460.jpg 1536w, https:\/\/medientheologe.de\/cms\/wp-content\/uploads\/2023\/06\/Medientheologe-Streifen-1-2048x613.jpg 2048w, https:\/\/medientheologe.de\/cms\/wp-content\/uploads\/2023\/06\/Medientheologe-Streifen-1-1320x395.jpg 1320w\" sizes=\"auto, (max-width: 1024px) 100vw, 1024px\" \/><\/a><figcaption class=\"wp-element-caption\">Foto: Anne Hornemann<\/figcaption><\/figure>\n\n\n\n<p>Ich bin promovierter Medientheologe, habe Evangelische Theologie, Medienwissenschaft und Informatik in Marburg studiert und meine Dissertation \u00fcber die mediale Ausrichtung von christlichen Onlineplattformen mit einer praktisch theologischen Fragestellung geschrieben. <\/p>\n\n\n\n<p>Anschlie\u00dfend daran habe ich neben einigen Buchbeitr\u00e4gen in zahlreichen Workshops, Schulungen, Seminaren und Lehrauftr\u00e4gen mediale Themen f\u00fcr Theologie, Kirche, P\u00e4dagogik und soziale Arbeit aufgearbeitet. <br>Insbesondere die Frage nach digitaler und crossmedialer Kommunikation, Virtueller Realit\u00e4t und K\u00fcnstlicher Intelligenz besch\u00e4ftigt mich aber auch im beruflichen Alltag der Landeskirchlichen \u00d6ffentlichkeitsarbeit. Dabei wage ich den Spagat zwischen methodischer Exaktheit und allgemeinverst\u00e4ndlicher Sprache, um unterschiedliche Zielgruppen gleicherma\u00dfen anzusprechen.<\/p>\n\n\n\n<hr class=\"wp-block-separator has-alpha-channel-opacity\"\/>\n\n\n\n<figure class=\"wp-block-image size-large\"><a href=\"https:\/\/medientheologe.de\/cms\/wp-content\/uploads\/2023\/07\/Karsten_VR_Streifen-scaled.jpg\"><img loading=\"lazy\" decoding=\"async\" width=\"1024\" height=\"430\" src=\"https:\/\/medientheologe.de\/cms\/wp-content\/uploads\/2023\/07\/Karsten_VR_Streifen-1024x430.jpg\" alt=\"\" class=\"wp-image-1368\" srcset=\"https:\/\/medientheologe.de\/cms\/wp-content\/uploads\/2023\/07\/Karsten_VR_Streifen-1024x430.jpg 1024w, https:\/\/medientheologe.de\/cms\/wp-content\/uploads\/2023\/07\/Karsten_VR_Streifen-300x126.jpg 300w, https:\/\/medientheologe.de\/cms\/wp-content\/uploads\/2023\/07\/Karsten_VR_Streifen-768x322.jpg 768w, https:\/\/medientheologe.de\/cms\/wp-content\/uploads\/2023\/07\/Karsten_VR_Streifen-1536x645.jpg 1536w, https:\/\/medientheologe.de\/cms\/wp-content\/uploads\/2023\/07\/Karsten_VR_Streifen-2048x860.jpg 2048w, https:\/\/medientheologe.de\/cms\/wp-content\/uploads\/2023\/07\/Karsten_VR_Streifen-1320x554.jpg 1320w\" sizes=\"auto, (max-width: 1024px) 100vw, 1024px\" \/><\/a><\/figure>\n\n\n\n<h3 class=\"wp-block-heading\">aktuelle Themen<\/h3>\n\n\n\n<ul class=\"wp-block-list\">\n<li><strong>Videokonferenzen ganzheitlich gestalten<\/strong>: digitale Bildung, digitale Kommunikation und digitale Gemeinschaft \u00fcber digitale Kan\u00e4le ganzheitlich denken und erm\u00f6glichen und nicht nur &#8222;technisch realisieren&#8220;. Vorteile und M\u00f6glichkeiten von Zoom, Teams oder z.B. dem <a href=\"https:\/\/www.digitales-bildungshaus.de\/\" data-type=\"link\" data-id=\"https:\/\/www.digitales-bildungshaus.de\/\" target=\"_blank\" rel=\"noreferrer noopener\">digitalen Bildungshaus<\/a>.<\/li>\n\n\n\n<li><strong>Medienrecht und Pers\u00f6nlichkeitsschutz<\/strong>: Wie k\u00f6nnen wir digitale Privatsph\u00e4re sicherstellen, wenn smarte Technologien und Sensorik m\u00f6glichst viel tracken will und gro\u00dfe SocialMedia-Plattformen ihr Gesch\u00e4ftsmodell darauf aufbauen, m\u00f6glichst gl\u00e4serne Nutzer zu erzeugen?<\/li>\n\n\n\n<li><strong>Virtuelle Realit\u00e4t\/Metaverse<\/strong>: Anwendungen im Metaverse bieten immersive Erlebnisse. Wie kann kirchliches Storytelling in diesen Welten aussehen und welche Risiken m\u00fcssen dabei bedacht\/ausgelotet werden?<\/li>\n\n\n\n<li><strong>K\u00fcnstliche Intelligenz (im Gottesdienst)?<\/strong> Produktiver Einsatz und Weiterentwicklung von KI-Anwendungen und kritische Beobachtung von gesellschaftlichen Verschiebungen und Fehlentwicklungen.<\/li>\n<\/ul>\n\n\n\n<hr class=\"wp-block-separator has-alpha-channel-opacity\"\/>\n\n\n\n<figure class=\"wp-block-image size-large\"><a href=\"https:\/\/medientheologe.de\/cms\/wp-content\/uploads\/2023\/06\/KK-Autor-scaled.jpg\"><img loading=\"lazy\" decoding=\"async\" width=\"1024\" height=\"908\" src=\"https:\/\/medientheologe.de\/cms\/wp-content\/uploads\/2023\/06\/KK-Autor-1024x908.jpg\" alt=\"\" class=\"wp-image-1277\" srcset=\"https:\/\/medientheologe.de\/cms\/wp-content\/uploads\/2023\/06\/KK-Autor-1024x908.jpg 1024w, https:\/\/medientheologe.de\/cms\/wp-content\/uploads\/2023\/06\/KK-Autor-300x266.jpg 300w, https:\/\/medientheologe.de\/cms\/wp-content\/uploads\/2023\/06\/KK-Autor-768x681.jpg 768w, https:\/\/medientheologe.de\/cms\/wp-content\/uploads\/2023\/06\/KK-Autor-1536x1362.jpg 1536w, https:\/\/medientheologe.de\/cms\/wp-content\/uploads\/2023\/06\/KK-Autor-2048x1816.jpg 2048w, https:\/\/medientheologe.de\/cms\/wp-content\/uploads\/2023\/06\/KK-Autor-1320x1170.jpg 1320w\" sizes=\"auto, (max-width: 1024px) 100vw, 1024px\" \/><\/a><figcaption class=\"wp-element-caption\">Foto: Anne Hornemann<\/figcaption><\/figure>\n\n\n\n<h3 class=\"wp-block-heading\">Ver\u00f6ffentlichungen<\/h3>\n\n\n\n<ul class=\"wp-block-list\">\n<li>\u00f6ffentliche digitale Kommunikation als @medientheologe \u00fcber den Blog: <a href=\"http:\/\/www.medientheologe.de\">www.medientheologe.de<\/a> (seit 2014), Microblogging: <a href=\"https:\/\/twitter.com\/medientheologe\">Twitter<\/a> (seit 2011) und <a rel=\"noreferrer noopener\" href=\"https:\/\/kirche.social\/@medientheologe\" target=\"_blank\">Mastodon<\/a> (seit 2022) sowie Soziale Netzwerke: <a rel=\"noreferrer noopener\" href=\"https:\/\/www.facebook.com\/karsten.kopjar\" target=\"_blank\">Facebook<\/a> (seit 2008), Instagram (seit 2015)<br><br><\/li>\n\n\n\n<li><a href=\"https:\/\/www.ekmd.de\/aktuell\/social-media\/socialmedia-artikel.html\" target=\"_blank\" rel=\"noreferrer noopener\">Artikelserie OnlineKirche, <br>Artikelserie Medienrecht, <br>weitere Serviceartikel zu kirchlicher Mediennutzung<br><\/a>in &#8222;EKMintern. Magazin f\u00fcr Haupt- und Ehrenamtliche in der EKM&#8220; (2018-2024)<br><br><\/li>\n\n\n\n<li>Artikel:<br><a rel=\"noreferrer noopener\" href=\"https:\/\/static.steps-leaders.de\/magazin02.pdf\" target=\"_blank\"><strong>&#8222;Medien und Mediensucht&#8220;<\/strong><\/a><br>in STEPS Leaders (Feb\/22)<br><br><\/li>\n\n\n\n<li>Artikel:<strong> &#8222;Online Gemeinde sein&#8220;<\/strong> (Daum\/Kopjar\/Seliger)<br>in Schlegel\/Kleemann e.a.: Erprobungsr\u00e4ume. Andere Gemeindeformen in der Landeskirche&#8220; (EVA Leipzig 2021)<br><br><\/li>\n\n\n\n<li>Videotutorial:<br><a rel=\"noreferrer noopener\" href=\"https:\/\/www.socialmedia-academy.org\/kurs\/\" target=\"_blank\"><strong>&#8222;Datenschutz und Rechtliches&#8220;<\/strong><\/a><br>in Hoyer e.a.: &#8222;Social Media Academy. Ein Roadtrip durch Deutschland zu f\u00fchrenden Social-Media-Profis&#8220; (Gerlingen 2021)<br><br><\/li>\n\n\n\n<li>Pahl\/Kopjar: <strong>&#8222;Selig sind die Handynutzer. Wie Medien unseren Glauben rauben &#8211; Wie Medien unseren Glauben st\u00e4rken.&#8220;<\/strong> (Brunnen, Gie\u00dfen 2020)<br><br><\/li>\n\n\n\n<li>Artikel:<br><strong>&#8222;Mediale Kommunikation des Evangeliums&#8220;<\/strong><br>in Hempelmann e.a.: &#8222;Handbuch Milieusensible Kommunikation des Evangeliums&#8220; (V&amp;R 2019)<br><br><\/li>\n\n\n\n<li>Artikel:<br><strong><a rel=\"noreferrer noopener\" href=\"https:\/\/www.meine-kirchenzeitung.de\/erfurt\/c-blickpunkt\/die-netz-gemeinde_a2172\" target=\"_blank\">&#8222;Die Netz-Gemeinde&#8220;<\/a><\/strong><br>in &#8222;Glaube und Heimat&#8220; (Mitteldeutsche Kirchenzeitung, Oktober 2017)<br><br><\/li>\n\n\n\n<li>Artikel:<br><a rel=\"noreferrer noopener\" href=\"https:\/\/www.google.com\/url?sa=t&amp;rct=j&amp;q=&amp;esrc=s&amp;source=web&amp;cd=&amp;ved=2ahUKEwjE75iCztf_AhW0hv0HHbysAj8QFnoECBQQAQ&amp;url=https%3A%2F%2Fs228c060ec9a26c7c.jimcontent.com%2Fdownload%2Fversion%2F1506013212%2Fmodule%2F6903572264%2Fname%2FKiM0617_niedrig%2520Auflo%25CC%2588s.pdf&amp;usg=AOvVaw1akfHxp6ofcqgimwM6-8b6&amp;opi=89978449\" target=\"_blank\"><strong>&#8222;#DigitaleKirche &#8211; Glaube im 21. Jahrhundert&#8220;<\/strong><\/a><br>in Kirche in Marburg (KiM 6\/2017)<br><br><\/li>\n\n\n\n<li>Artikel: <br><strong>Digitale Vernetzung einer globalen Kirche mit vielen Gesichtern&#8220;<\/strong> <br>in Neth\u00f6fel e.a.: &#8222;Vielf\u00e4ltige Vernetzung: Hinauswachsen aus der Gro\u00dfkirche&#8220; (EB-Verlag 2016)<br><br><\/li>\n\n\n\n<li>Artikel:<strong><br>\u201eR\u00fcckkehr zu den Bildern\u201c<br><\/strong> im Reader zum EKD-Synoden-Schwerpunktthema \u201eKommunikation des Evangeliums in der digitalen Gesellschaft\u201c (Hannover 2014)<\/li>\n<\/ul>\n\n\n\n<ul class=\"wp-block-list\">\n<li>Artikel:<strong><br>\u201eMedieneinsatz in Gottesdiensten und zur Mission\u201c<br><\/strong>in: \u00d6kumenische Rundschau, Heft 4\/2014 \u201eIconic turn. Bilder und Riten\u201c (Leipzig 2014)<\/li>\n<\/ul>\n\n\n\n<ul class=\"wp-block-list\">\n<li><strong>\u201eGott \u2013 gef\u00e4llt mir!\u201c<br><\/strong>Sachbuch zum Thema Social Media f\u00fcr die praktische Gemeindearbeit (Moers 2014)<br><br><\/li>\n\n\n\n<li><strong>\u201eKommunikation des Evangeliums f\u00fcr die Web2.0-Generation\u201c<\/strong><br>Dissertation am Fachbereich Ev. Theologie der Philipps-Universit\u00e4t Marburg (M\u00fcnster 2013)<\/li>\n<\/ul>\n\n\n\n<ul class=\"wp-block-list\">\n<li>Artikel:<br><strong>\u201eKirche 2.0 \u2013 zwischen physischer, virtueller und geistlicher Gemeinschaft\u201c<\/strong><br>in Constanza\/Ernst: \u201ePersonen im Web 2.0. Kommunikations-wissenschaftliche, ethische und antropologische Zug\u00e4nge zu einer Theologie der Social Media\u201c (G\u00f6ttingen 2012)<\/li>\n<\/ul>\n\n\n\n<ul class=\"wp-block-list\">\n<li>Artikel:<br><strong>\u201eVirtuelle Heimat\u201c<\/strong><br>in Faix\/Wei\u00dfenborn\/Aschoff: \u201eZeitgeist 2. Postmoderne Heimatkunde\u201c (Marburg 2009)<\/li>\n<\/ul>\n\n\n\n<ul class=\"wp-block-list\">\n<li>Artikel:<br><strong>\u201eMedien, Kultur und Evangelium\u201c<\/strong> und <strong>\u201eMultimedia-SoakingPhase\u201c<\/strong><br>in Faix\/Wei\u00dfenborn: \u201eZeitgeist. Kultur und Evangelium in der Postmoderne\u201c (Marburg 2007)<\/li>\n<\/ul>\n\n\n\n<ul class=\"wp-block-list\">\n<li><strong>\u201eGott begegnen zwischen Couch und Kirche. Zielsetzung und Ertrag der ZDF-Fernsehgottesdienste f\u00fcr Gemeinde, Redaktion und Zuschauer\u201c<\/strong> (Saarbr\u00fccken 2006)<\/li>\n<\/ul>\n\n\n\n<hr class=\"wp-block-separator has-alpha-channel-opacity\"\/>\n\n\n\n<figure class=\"wp-block-image size-large\"><a href=\"https:\/\/medientheologe.de\/cms\/wp-content\/uploads\/2023\/06\/0X1A2279-scaled.jpg\"><img loading=\"lazy\" decoding=\"async\" width=\"1024\" height=\"683\" src=\"https:\/\/medientheologe.de\/cms\/wp-content\/uploads\/2023\/06\/0X1A2279-1024x683.jpg\" alt=\"\" class=\"wp-image-1276\" srcset=\"https:\/\/medientheologe.de\/cms\/wp-content\/uploads\/2023\/06\/0X1A2279-1024x683.jpg 1024w, https:\/\/medientheologe.de\/cms\/wp-content\/uploads\/2023\/06\/0X1A2279-300x200.jpg 300w, https:\/\/medientheologe.de\/cms\/wp-content\/uploads\/2023\/06\/0X1A2279-768x512.jpg 768w, https:\/\/medientheologe.de\/cms\/wp-content\/uploads\/2023\/06\/0X1A2279-1536x1024.jpg 1536w, https:\/\/medientheologe.de\/cms\/wp-content\/uploads\/2023\/06\/0X1A2279-2048x1365.jpg 2048w, https:\/\/medientheologe.de\/cms\/wp-content\/uploads\/2023\/06\/0X1A2279-1320x880.jpg 1320w\" sizes=\"auto, (max-width: 1024px) 100vw, 1024px\" \/><\/a><figcaption class=\"wp-element-caption\">Foto: Anne Hornemann<\/figcaption><\/figure>\n\n\n\n<h3 class=\"wp-block-heading\">Lebenslauf<\/h3>\n\n\n<div dir=\"ltr\" data-angle=\"0\" data-font-name=\"Helvetica\" data-canvas-width=\"55.08108576084487\">\n<div dir=\"ltr\" data-angle=\"0\" data-font-name=\"Helvetica\" data-canvas-width=\"55.08108576084487\"><strong>seit 08\/2024 Referent f\u00fcr Online-Schnittstellen bei der Ev. Kirche in Mitteldeutschland<\/strong><\/div>\n<div dir=\"ltr\" data-angle=\"0\" data-font-name=\"Helvetica\" data-canvas-width=\"55.08108576084487\">\n<ul>\n<li>Implementierung eines intelligenten sharepointbasierten Intranets<\/li>\n<li>Livestreaming von der Landessynode<\/li>\n<li>Realisation und Konzeption des singenden Adventskalenders<\/li>\n<li>Betreuung des EKM Newsletter-Service<\/li>\n<\/ul>\n<p>parallel<\/p>\n<ul>\n<li>Leitung und Gestaltung des Erprobungsraums GeistRaum<\/li>\n<li>Forschung und Referent zu VR\/XR-Themen<\/li>\n<li>App-Entwicklung und Konzeption von geistlichen VR-Inhalten<\/li>\n<li>Networking und Fundraising im Kreativ-Tech-Bereich<\/li>\n<\/ul>\n<p>\u00a0<\/p>\n<\/div>\n<strong>01\/2015-07\/2024 Social-Media-Koordinator der Ev. Kirche in Mitteldeutschland<\/strong><\/div>\n<div dir=\"ltr\" data-angle=\"0\" data-font-name=\"Helvetica\" data-canvas-width=\"55.08108576084487\">\n<ul>\n<li>Entwicklung und Betreuung der SocialMedia-Kommunikationskan\u00e4le der Landeskirche<\/li>\n<li>Schulung und Beratung von Kirchenkreisen und Gemeinden<\/li>\n<li>Gesamtziel: &#8222;Online Gemeinde bauen&#8220;<\/li>\n<\/ul>\n<\/div>\n<div dir=\"ltr\" data-angle=\"0\" data-font-name=\"Helvetica\" data-canvas-width=\"55.08108576084487\">\u00a0<\/div>\n<div dir=\"ltr\" data-angle=\"0\" data-font-name=\"Helvetica\" data-canvas-width=\"55.08108576084487\"><strong>2012-2015 freiberuflicher Medientheologe &amp; Eventgestalter<\/strong><\/div>\n<div dir=\"ltr\" data-angle=\"0\" data-font-name=\"Helvetica\" data-canvas-width=\"458.176728126048\">\n<ul>\n<li>Dozent, Autor und Berater f\u00fcr Social Media und Gemeindearbeit<\/li>\n<li>Multimedia- und TV-Redaktion &amp; Medienproduktion<\/li>\n<li>Planung, Gestaltung und Umsetzung von Kreativprojekten<\/li>\n<li>seit 2015 weiterhin als Nebent\u00e4tigkeit<\/li>\n<\/ul>\n<\/div>\n<div dir=\"ltr\" data-angle=\"0\" data-font-name=\"Helvetica\" data-canvas-width=\"269.68076089747984\">\u00a0<\/div>\n<div dir=\"ltr\" data-angle=\"0\" data-font-name=\"Helvetica\" data-canvas-width=\"269.68076089747984\"><strong>04\/06-2012 Dissertationsprojekt<\/strong>, an der Philipps-Universit\u00e4t, Marburg (Praktische Theologie):<\/div>\n<div dir=\"ltr\" data-angle=\"0\" data-font-name=\"Helvetica\" data-canvas-width=\"68.65687341069048\">\n<ul>\n<li>\u201eKommunikation des Evangeliums f\u00fcr die Web 2.0 Generation &#8211; Virtuelle Realit\u00e4t als Reale Virtualit\u00e4t\u201c<br \/>Analyse des Medieneinsatzes von Onlinecommunitys im Hinblick auf Zielsetzung und Ertrag f\u00fcr geistliche Kommunikationsprozesse.<\/li>\n<li>Gutachter: Prof. Dr. Dr. h.c. Horst Schwebel und Prof. Dr. Thomas Erne<\/li>\n<\/ul>\n<\/div>\n<div dir=\"ltr\" data-angle=\"0\" data-font-name=\"Helvetica\" data-canvas-width=\"77.33655109086871\">\u00a0<\/div>\n<div dir=\"ltr\" data-angle=\"0\" data-font-name=\"Helvetica\" data-canvas-width=\"452.232904485801\"><strong>04\/06-03\/10 Hochschul-Rechenzentrum der Philipps-Universit\u00e4t Marburg<\/strong><\/div>\n<div dir=\"ltr\" data-angle=\"0\" data-font-name=\"Helvetica\" data-canvas-width=\"145.55260387913486\">\n<ul>\n<li>IT-Support, Softwarepaketierung, Virenwarndienst, Multimedia-Ausleihe<\/li>\n<li>inkl. Workshops, Schulung, Dokumentation und Nutzerberatung<\/li>\n<\/ul>\n<\/div>\n<div dir=\"ltr\" data-angle=\"0\" data-font-name=\"Helvetica\" data-canvas-width=\"432.6490143887265\">\u00a0<\/div>\n<div dir=\"ltr\" data-angle=\"0\" data-font-name=\"Helvetica\" data-canvas-width=\"432.6490143887265\"><strong>01\/06 &#8211; 03\/06 Praktikum bei NL-Medien, W\u00f6lmersen<\/strong><\/div>\n<div dir=\"ltr\" data-angle=\"0\" data-font-name=\"Helvetica\" data-canvas-width=\"77.44076061416217\">\n<ul>\n<li>Crossmediales Verlagshaus mit Print-, Radio- und TV-Redaktion<\/li>\n<li>Hauptaufgabe: TV-Formatentwicklung, Projekt-Koordination und Aufnahmeleitung<\/li>\n<li>Weiterentwicklung des Internetauftritts<\/li>\n<li>IT-Services und Podcasting.<\/li>\n<\/ul>\n<\/div>\n<div dir=\"ltr\" data-angle=\"0\" data-font-name=\"Helvetica\" data-canvas-width=\"52.81682494415877\">\u00a0<\/div>\n<div dir=\"ltr\" data-angle=\"0\" data-font-name=\"Helvetica\" data-canvas-width=\"116.71307032844807\"><strong>04\/01 &#8211; 12\/05 Studium an der Philipps-Universit\u00e4t, Marburg<\/strong><\/div>\n<div dir=\"ltr\" data-angle=\"0\" data-font-name=\"Helvetica\" data-canvas-width=\"8.032821852503757\">\n<ul>\n<li>Ev. Theologie (Schwerpunkt: religi\u00f6se Kulturdeutung, Jugendreligion)<\/li>\n<li>Medienwissenschaft (Schwerpunkt: Filmanalyse &amp; Fernsehgeschichte)<\/li>\n<li>Informatik(Schwerpunkt: Programmierung, Internet, Multimedia)<\/li>\n<li>Abschluss als &#8222;Magister Artium&#8220;<\/li>\n<\/ul>\n<\/div>\n<div dir=\"ltr\" data-angle=\"0\" data-font-name=\"Helvetica\" data-canvas-width=\"441.0740337275585\">\u00a0<\/div>\n<div dir=\"ltr\" data-angle=\"0\" data-font-name=\"Helvetica\" data-canvas-width=\"80.28109198995976\"><strong>12\/00 &#8211; 03\/01 Sprach- und Informationsreise, Kanada und USA<\/strong><\/div>\n<div dir=\"ltr\" data-angle=\"0\" data-font-name=\"Helvetica\" data-canvas-width=\"27.040808112412606\">\n<ul>\n<li>Film- &amp; TV-Studios, Kirchen, Kultur und Sprachtraining.<\/li>\n<li>U.a. Vancouver, San Francisco, Los Angeles, Chicago, New York.<\/li>\n<\/ul>\n<\/div>\n<div dir=\"ltr\" data-angle=\"0\" data-font-name=\"Helvetica\" data-canvas-width=\"422.49522416353574\">\u00a0<\/div>\n<div dir=\"ltr\" data-angle=\"0\" data-font-name=\"Helvetica\" data-canvas-width=\"172.7291142177338\"><strong>09\/00 &#8211; 11\/00 Mitarbeiter im \u201ePavilion of Hope\u201c, EXPO2000 in Hannover<\/strong><\/div>\n<div dir=\"ltr\" data-angle=\"0\" data-font-name=\"Helvetica\" data-canvas-width=\"64.76887184353131\">\n<ul>\n<li>Kinotechnik &amp; Statistikverwaltung im internationalen Team.<\/li>\n<\/ul>\n<\/div>\n<div dir=\"ltr\" data-angle=\"0\" data-font-name=\"Helvetica\" data-canvas-width=\"418.89808760802174\">\u00a0<\/div>\n<div dir=\"ltr\" data-angle=\"0\" data-font-name=\"Helvetica\" data-canvas-width=\"182.95300983729035\"><strong>07\/99 &#8211; 08\/00 Zivildienstleistender an der Erich-K\u00e4stner-Schule, Marburg<\/strong><\/div>\n<div dir=\"ltr\" data-angle=\"0\" data-font-name=\"Helvetica\" data-canvas-width=\"331.4568616394984\">\n<ul>\n<li>Fahrdienst und Unterrichtsassistenz (KB-Abteilung).<\/li>\n<\/ul>\n<\/div>\n<div dir=\"ltr\" data-angle=\"0\" data-font-name=\"Helvetica\" data-canvas-width=\"427.0300913995581\">\u00a0<\/div>\n<div dir=\"ltr\" data-angle=\"0\" data-font-name=\"Helvetica\" data-canvas-width=\"427.0300913995581\"><strong>07\/90 &#8211; 06\/99 Martin-Luther-Schule Marburg, Abitur<\/strong><\/div>\n<div dir=\"ltr\" data-angle=\"0\" data-font-name=\"Helvetica\" data-canvas-width=\"377.1047194406388\">\n<ul>\n<li>Leistungskurse: Mathematik, Englisch.<\/li>\n<li>dabei: Sch\u00fclervertretung, Sch\u00fclerzeitung, Foto-AG, Film-AG<\/li>\n<\/ul>\n<\/div>\n\n\n<p>&gt;&gt; <a href=\"https:\/\/medientheologe.de\/cms\/?page_id=14\" data-type=\"URL\" data-id=\"https:\/\/medientheologe.de\/cms\/?page_id=14\">weiter: Kirche<\/a><\/p>\n","protected":false},"excerpt":{"rendered":"<p>Ich bin promovierter Medientheologe, habe Evangelische Theologie, Medienwissenschaft und Informatik in Marburg studiert und meine Dissertation \u00fcber die mediale Ausrichtung von christlichen Onlineplattformen mit einer praktisch theologischen Fragestellung geschrieben. Anschlie\u00dfend daran habe ich neben einigen Buchbeitr\u00e4gen in zahlreichen Workshops, Schulungen, Seminaren und Lehrauftr\u00e4gen mediale Themen f\u00fcr Theologie, Kirche, P\u00e4dagogik und soziale Arbeit aufgearbeitet. Insbesondere die [&hellip;]<\/p>\n","protected":false},"author":3,"featured_media":0,"parent":0,"menu_order":0,"comment_status":"closed","ping_status":"closed","template":"","meta":{"footnotes":""},"class_list":["post-12","page","type-page","status-publish","hentry"],"_links":{"self":[{"href":"https:\/\/medientheologe.de\/cms\/index.php?rest_route=\/wp\/v2\/pages\/12","targetHints":{"allow":["GET"]}}],"collection":[{"href":"https:\/\/medientheologe.de\/cms\/index.php?rest_route=\/wp\/v2\/pages"}],"about":[{"href":"https:\/\/medientheologe.de\/cms\/index.php?rest_route=\/wp\/v2\/types\/page"}],"author":[{"embeddable":true,"href":"https:\/\/medientheologe.de\/cms\/index.php?rest_route=\/wp\/v2\/users\/3"}],"replies":[{"embeddable":true,"href":"https:\/\/medientheologe.de\/cms\/index.php?rest_route=%2Fwp%2Fv2%2Fcomments&post=12"}],"version-history":[{"count":28,"href":"https:\/\/medientheologe.de\/cms\/index.php?rest_route=\/wp\/v2\/pages\/12\/revisions"}],"predecessor-version":[{"id":1656,"href":"https:\/\/medientheologe.de\/cms\/index.php?rest_route=\/wp\/v2\/pages\/12\/revisions\/1656"}],"wp:attachment":[{"href":"https:\/\/medientheologe.de\/cms\/index.php?rest_route=%2Fwp%2Fv2%2Fmedia&parent=12"}],"curies":[{"name":"wp","href":"https:\/\/api.w.org\/{rel}","templated":true}]}}